n divisor of 991512 and 7618?
586
Calculate the highest common factor of 2330144 and 272.
16
What is the highest common divisor of 241992 and 4356?
36
Calculate the greatest common factor of 8214 and 6561876.
222
Calculate the greatest common divisor of 30 and 4106532.
6
Calculate the highest common divisor of 2579 and 1461.
1
What is the greatest common factor of 272 and 270028?
68
What is the highest common factor of 31688 and 10871568?
136
What is the greatest common factor of 8446056 and 208?
8
What is the greatest common divisor of 22276 and 822?
2
What is the greatest common factor of 609 and 3267604?
29
What is the highest common divisor of 275695962 and 430?
86
Calculate the greatest common divisor of 970610 and 980205.
505
What is the highest common divisor of 459285302 and 158?
158
Calculate the highest common divisor of 49798 and 12894125.
3557
Calculate the greatest common divisor of 4277364 and 4.
4
What is the highest common factor of 1827 and 743799?
21
What is the highest common divisor of 191940 and 181860?
420
Calculate the greatest common factor of 1710554 and 7.
1
Calculate the highest common divisor of 3107 and 6355249.
239
What is the highest common factor of 1770241 and 19987?
253
What is the greatest common divisor of 2991 and 8841?
3
Calculate the greatest common factor of 4024207 and 22.
11
What is the highest common divisor of 7353836 and 10626?
322
Calculate the highest common divisor of 10008 and 10847282.
278
Calculate the highest common factor of 77 and 714889483.
77
Calculate the highest common factor of 398025 and 882180.
1305
Calculate the greatest common factor of 654 and 8444712.
6
Calculate the greatest common divisor of 243517 and 16.
1
Calculate the greatest common factor of 446336925 and 75.
75
What is the greatest common factor of 222488 and 2494?
58
Calculate the highest common divisor of 135 and 233930.
5
Calculate the greatest common factor of 1126949 and 3842.
113
What is the highest common factor of 66764340 and 73?
73
Calculate the highest common factor of 24561345 and 51.
51
What is the greatest common divisor of 2221203103 and 31?
31
Calculate the greatest common factor of 216380 and 643040.
20
What is the highest common divisor of 22 and 3309842976?
22
Calculate the greatest common factor of 43155 and 185010.
105
Calculate the highest common factor of 272 and 8886087.
17
What is the greatest common factor of 17653141 and 957?
319
Calculate the greatest common factor of 33520 and 1007240.
40
Calculate the highest common factor of 101460 and 1714560.
1140
Calculate the greatest common factor of 375012 and 5307935.
947
Calculate the greatest common factor of 142 and 2476066.
2
What is the greatest common factor of 923725576 and 13424?
6712
What is the greatest common divisor of 17906302 and 654?
218
What is the greatest common divisor of 3136330755 and 3285?
3285
Calculate the highest common factor of 10 and 242290.
10
Calculate the greatest common factor of 4040 and 2107120.
40
What is the greatest common factor of 1290905 and 11858?
539
What is the highest common factor of 8684 and 25488041?
167
Calculate the greatest common factor of 456396 and 18396.
876
What is the greatest common divisor of 11 and 575971?
11
What is the greatest common divisor of 111688 and 2011598?
1214
Calculate the greatest common factor of 8880 and 49040.
80
What is the greatest common divisor of 2751 and 2865?
3
What is the greatest common factor of 12440 and 32040?
40
What is the greatest common factor of 27490 and 5255?
5
Calculate the greatest common divisor of 1050024 and 12288.
24
Calculate the greatest common divisor of 3 and 4491649.
1
Calculate the greatest common divisor of 109332028 and 24934.
3562
Calculate the greatest common divisor of 117 and 30317092.
13
Calculate the highest common factor of 423129 and 3752.
7
Calculate the highest common divisor of 5363 and 15651829.
173
What is the highest common divisor of 36 and 721431234?
18
What is the greatest common divisor of 26656 and 3262861?
833
Calculate the greatest common divisor of 420 and 3135678.
42
Calculate the highest common divisor of 11 and 3695667.
1
What is the greatest common divisor of 122398 and 7633770?
6442
What is the greatest common divisor of 172525 and 38190?
335
Calculate the highest common divisor of 4048 and 635438848.
4048
What is the highest common factor of 47549709 and 1107?
369
Calculate the highest common factor of 215208 and 49428.
36
Calculate the greatest common divisor of 9369533 and 3865.
773
What is the greatest common factor of 165424 and 1857492?
196
Calculate the greatest common divisor of 34229 and 6353429.
2633
Calculate the highest common divisor of 225270370 and 12968.
3242
Calculate the highest common factor of 7382773 and 2793.
19
What is the greatest common divisor of 20378 and 5882986?
46
Calculate the greatest common divisor of 19201 and 3215849.
91
Calculate the greatest common factor of 510 and 42420066.
102
Calculate the highest common divisor of 405319941 and 8658.
4329
What is the highest common factor of 23798 and 215217213?
11899
Calculate the greatest common factor of 343130970 and 12324.
6162
What is the greatest common divisor of 66500 and 16901500?
3500
What is the highest common divisor of 380 and 15842?
2
What is the highest common factor of 1461 and 65633964?
1461
Calculate the highest common divisor of 2998035 and 173655.
765
What is the highest common factor of 396 and 19404?
396
What is the highest common divisor of 7285160 and 50?
10
What is the greatest common divisor of 154863 and 801?
9
Calculate the greatest common factor of 554788 and 17108.
2444
Calculate the greatest common factor of 72 and 1243984056.
24
Calculate the highest common divisor of 57653640 and 552.
552
Calculate the highest common factor of 820 and 6654915.
205
What is the greatest common divisor of 330488 and 1628024?
872
Calculate the highest common divisor of 90168 and 2712.
24
What is the greatest common factor of 218147 and 29056?
227
What is the highest common divisor of 448 and 187148160?
64
Calculate the highest common factor of 689647052 and 6829.
6829
Calculate the highest common factor of 7713 and 585555534.
7713
What is the greatest common factor of 55566 and 361522?
686
Calculate the greatest common divisor of 58307360 and 746.
746
Calculate the greatest common factor of 3564 and 7365952.
44
What is the greatest common factor of 2877044 and 1244?
4
Calculate the greatest common factor of 3461118 and 306277.
1879
What is the greatest common factor of 43517335 and 155?
155
Calculate the highest common divisor of 235967120 and 2495.
2495
Calculate the greatest common factor of 431979 and 27057.
933
Calculate the greatest common divisor of 626 and 10734961.
313
What is the greatest common divisor of 720709560 and 4590?
1530
Calculate the highest common divisor of 2725398 and 41211.
171
Calculate the highest common divisor of 202321590 and 102.
102
Calculate the greatest common factor of 42 and 2482802.
14
Calculate the greatest common factor of 42057978 and 6.
6
What is the highest common divisor of 133694536 and 584?
584
Calculate the greatest common divisor of 140849088 and 58552.
4504
Calculate the highest common divisor of 181230 and 61782.
42
What is the highest common factor of 615098 and 50446?
22
What is the greatest common divisor of 249700 and 1346564?
908
Calculate the highest common divisor of 1126 and 6274.
2
Calculate the greatest common divisor of 68898662 and 666.
74
Calculate the highest common factor of 21567 and 29360903.
1027
What is the greatest common factor of 24948 and 9352233?
297
Calculate the greatest common divisor of 55 and 29324482.
11
What is the highest common factor of 2 and 6647194?
2
What is the greatest common divisor of 293508653 and 5799?
1933
Calculate the highest common divisor of 5758172 and 15232.
476
What is the greatest common divisor of 91076388 and 38688?
4836
What is the greatest common factor of 23234104 and 6987?
2329
What is the greatest common factor of 118061967 and 92?
23
Calculate the greatest common factor of 447250490 and 233.
233
Calculate the greatest common divisor of 520 and 593410.
10
Calculate the greatest common factor of 1422052403 and 25562.
127